 is -8 (base 9) in base 4?
-20
Convert 443 (base 5) to base 16.
7b
What is -20 (base 3) in base 16?
-6
1110100 (base 2) to base 10
116
113 (base 10) to base 8
161
Convert 13 (base 16) to base 11.
18
What is -1 (base 11) in base 4?
-1
Convert -13 (base 13) to base 11.
-15
13 (base 5) to base 12
8
-13 (base 9) to base 4
-30
What is -28 (base 11) in base 12?
-26
Convert 38 (base 12) to base 5.
134
What is 38 (base 9) in base 2?
100011
Convert -20 (base 4) to base 6.
-12
Convert 5 (base 10) to base 2.
101
10 (base 6) to base 12
6
What is 6 (base 13) in base 8?
6
-4 (base 12) to base 2
-100
Convert 33 (base 14) to base 15.
30
20 (base 14) to base 7
40
What is 103 (base 6) in base 9?
43
What is -10 (base 13) in base 7?
-16
Convert -2 (base 10) to base 7.
-2
-3 (base 10) to base 14
-3
Convert -11 (base 14) to base 2.
-1111
-35 (base 9) to base 12
-28
Convert -11 (base 11) to base 12.
-10
110111 (base 3) to base 6
1321
What is -101101 (base 2) in base 6?
-113
What is 203 (base 11) in base 6?
1045
8 (base 9) to base 11
8
-5 (base 14) to base 12
-5
Convert 8 (base 12) to base 11.
8
What is 8 (base 16) in base 7?
11
-10 (base 4) to base 16
-4
Convert 110 (base 7) to base 9.
62
Convert -e (base 15) to base 10.
-14
What is 130 (base 6) in base 3?
2000
What is 18 (base 15) in base 12?
1b
3 (base 4) to base 5
3
What is 26 (base 7) in base 2?
10100
What is -32 (base 7) in base 10?
-23
15 (base 8) to base 13
10
Convert -31 (base 6) to base 12.
-17
What is 6 (base 14) in base 13?
6
What is 7 (base 9) in base 15?
7
What is -3 (base 10) in base 11?
-3
Convert 10212 (base 4) to base 5.
2134
-41 (base 6) to base 12
-21
What is 10 (base 12) in base 9?
13
-129 (base 12) to base 14
-c9
What is 1011011 (base 2) in base 3?
10101
101 (base 4) to base 14
13
What is 21 (base 8) in base 5?
32
1 (base 12) to base 6
1
Convert -12 (base 6) to base 15.
-8
What is 6 (base 9) in base 2?
110
15 (base 6) to base 11
10
-18 (base 10) to base 6
-30
441 (base 5) to base 6
321
Convert 114 (base 5) to base 6.
54
What is -20 (base 10) in base 15?
-15
-154 (base 10) to base 2
-10011010
Convert -1b (base 16) to base 14.
-1d
What is -70 (base 9) in base 4?
-333
What is -32 (base 12) in base 2?
-100110
What is 314 (base 6) in base 4?
1312
What is -31 (base 11) in base 15?
-24
Convert -120 (base 3) to base 12.
-13
What is -26 (base 14) in base 8?
-42
What is -15 (base 10) in base 12?
-13
-12202 (base 3) to base 11
-131
Convert 3313 (base 4) to base 15.
117
5 (base 12) to base 15
5
Convert -241 (base 5) to base 11.
-65
-1 (base 2) to base 9
-1
-3 (base 16) to base 15
-3
50 (base 6) to base 11
28
What is 10 (base 11) in base 7?
14
What is -78 (base 9) in base 2?
-1000111
Convert 0 (base 12) to base 7.
0
What is -10 (base 4) in base 8?
-4
Convert -2 (base 6) to base 13.
-2
Convert 2 (base 15) to base 10.
2
What is 6 (base 10) in base 15?
6
1003 (base 5) to base 14
92
Convert 12 (base 4) to base 9.
6
Convert 1000 (base 2) to base 8.
10
27 (base 15) to base 14
29
What is 4 (base 7) in base 16?
4
What is -10 (base 5) in base 11?
-5
0 (base 4) to base 15
0
-b (base 14) to base 15
-b
What is 11 (base 6) in base 4?
13
Convert -6 (base 12) to base 14.
-6
25 (base 16) to base 10
37
What is 17 (base 10) in base 14?
13
What is 88 (base 16) in base 15?
91
What is -237 (base 8) in base 9?
-186
Convert 2 (base 15) to base 10.
2
Convert 2304 (base 5) to base 6.
1305
Convert 7 (base 12) to base 15.
7
What is -1d (base 15) in base 9?
-31
Convert 31 (base 12) to base 10.
37
-42 (base 6) to base 9
-28
301 (base 6) to base 13
85
Convert -32 (base 8) to base 3.
-222
What is -6 (base 14) in base 5?
-11
Convert 113 (base 7) to base 15.
3e
What is -29 (base 13) in base 9?
-38
Convert 3 (base 7) to base 15.
3
What is 1 (base 7) in base 16?
1
What is -49 (base 12) in base 13?
-45
What is -10 (base 3) in base 12?
-3
212 (base 5) to base 4
321
What is -32 (base 12) in base 3?
-1102
0 (base 16) to base 2
0
-1a (base 11) to base 16
-15
-126 (base 10) to base 8
-176
What is 131 (base 5) in base 6?
105
What is -1 (base 9) in base 10?
-1
-2 (base 7) to base 15
-2
Convert -11 (base 2) to base 11.
-3
What is 0 (base 5) in base 11?
0
What is 304 (base 6) in base 11?
a2
What is 13 (base 8) in base 6?
15
What is -10 (base 5) in base 8?
-5
What is 8 (base 9) in base 14?
8
-3 (base 13) to base 3
-10
-4 (base 9) to base 13
-4
-2 (base 15) to base 13
-2
-c (base 16) to base 13
-c
What is 100 (base 3) in base 2?
1001
What is -84 (base 14) in base 15?
-7b
454 (base 7) to base 6
1031
What is 6 (base 9) in base 6?
10
What is 9 (base 14) in base 7?
12
Convert 21 (base 10) to base 6.
33
What is 17 (base 14) in base 13?
18
-105 (base 9) to base 2
-1010110
6 (base 11) to base 8
6
Convert -1 (base 16) to base 2.
-1
-12 (base 4) to base 2
-110
What is -10011 (base 2) in base 10?
-19
Convert 8 (base 16) to base 15.
8
-11 (base 13) to base 6
-22
-5 (base 12) to base 16
-5
What is -112 (base 4) in base 10?
-22
What is 4a (base 14) in base 8?
102
Convert -10220 (base 3) to base 8.
-151
-e (base 15) to base 14
-10
What is -1d (base 14) in base 3?
-1000
-43 (base 7) to base 14
-23
-8b (base 14) to base 11
-102
What is -10 (base 4) in base 2?
-100
Convert 0 (base 2) to base 15.
0
Convert -1 (base 5) to base 2.
-1
Convert 12 (base 7) to base 15.
9
2 (base 10) to base 6
2
Convert 5 (base 12) to base 9.
5
Convert 521 (base 6) to base 7.
364
43 (base 5) to base 12
1b
What is 3 (base 11) in base 14?
3
What is -1001 (base 2) in base 12?
-9
Convert 35 (base 15) to base 11.
46
54 (base 7) to base 3
1110
Convert 21 (base 16) to base 8.
41
-117 (base 9) to base 3
-10121
-3a (base 15) to base 12
-47
Convert -45 (base 7) to base 15.
-23
What is -2240 (base 5) in base 11?
-271
What is -32 (base 9) in base 13?
-23
What is -20 (base 10) in base 5?
-40
Convert 43 (base 6) to base 2.
11011
Convert -23 (base 5) to base 12.
-11
-1012 (base 3) to base 7
-44
Convert 0 (base 9) to base 5.
0
What is 5 (base 8) in base 7?
5
0 (base 16) to base 11
0
Convert 5 (base 13) to base 7.
5
-100011 (base 2) to base 14
-27
What is -101 (base 4) in base 6?
-25
-21 (base 11) to base 2
-10111
Convert 2210 (base 3) to base 5.
300
81 (base 14) to base 5
423
Convert -1 (base 11) to base 8.
-1
8 (base 12) to base 13
8
Convert 74 (base 8) to base 3.
2020
What is -103 (base 8) in base 2?
-1000011
What is -10112 (base 3) in base 16?
-5f
Convert -1000 (base 2) to base 11.
-8
3 (base 6) to base 5
3
Convert -10 (base 16) to base 9.
-17
What is 2 (base 15) in base 10?
2
-3 (base 4) to base 5
-3
-3b (base 13) to base 9
-55
3 (base 9) to base 7
3
3 (base 4) to base 11
3
-100 (base 6) to base 2
-100100
What is 4 (base 12) in base 15?
4
-172 (base 12) to base 6
-1022
Convert 12 (base 3) to base 15.
5
-1 (base 13) to base 8
-1
What is -4e (base 16) in base 6?
-210
-8 (base 11) to base 2
-1000
Convert 1111000 (base 2) to base 16.
78
What is -18 (base 16) in base 4?
-120
What is -6 (base 13) in base 10?
-6
5 (base 10) to base 8
5
What is -1300 (base 6) in base 10?
-324
-30 (base 7) to base 10
-21
Convert 2 (base 11) to base 15.
2
What is 3d (base 14) in base 15?
3a
What is 16 (base 10) in base 12?
14
Convert -10 (base 3) to base 4.
-3
What is -3 (base 4) in base 9?
-3
0 (base 3) to base 16
0
Convert -210 (base 5) to base 2.
-110111
Convert 3 (base 15) to base 12.
3
0 (base 3) to base 5
0
10 (base 9) to base 6
13
-bd (base 15) to base 6
-454
Convert -18 (base 16) to base 11.
-22
8 (base 15) to base 4
20
-100 (base 3) to base 6
-13
Convert 17 (base 14) to base 15.
16
-1122 (base 3) to base 10
-44
Convert -5 (base 6) to base 4.
-11
What is -1 (base 13) in base 12?
-1
Convert 4 (base 7) to base 5.
4
What is -2 (base 12) in base 2?
-10
Convert 1 (base 15) to base 16.
1
Convert -27 (base 8) to base 9.
-25
Convert 11001 (base 2) to base 10.
25
Convert 32 (base 5) to base 10.
17
What is 481 (base 9) in base 14?
205
Convert 16 (base 11) to base 2.
10001
Convert -10 (base 3) to base 10.
-3
What is 11 (base 2) in base 11?
3
What is b7 (base 12) in base 13?
a9
-a4 (base 14) to base 9
-170
Convert 23 (base 15) to base 16.
21
13 (base 4) to base 13
7
Convert -1 (base 4) to base 3.
-1
-110111 (base 2) to base 13
-43
-415 (base 8) to base 16
-10d
Convert 0 (base 11) to base 9.
0
Convert -132 (base 5) to base 13.
-33
21